t is -7 - -3022134?
3022125
In base 16, what is d8 - 47126?
-4704e
In base 16, what is 19fc21 + b?
19fc2c
In base 5, what is -140214 - -21132?
-114032
In base 2, what is 10000101100110001001 - 1?
10000101100110001000
In base 10, what is 2 + -33459024?
-33459022
In base 6, what is 43513 - -35135?
123052
In base 12, what is 15631029 - -3?
15631030
In base 16, what is 1b + -84bf6c?
-84bf51
In base 8, what is 324 - -107720?
110244
In base 3, what is 1 - 100210210021000201?
-100210210021000200
In base 10, what is 39332 - -1?
39333
In base 16, what is 14e0 + -882b?
-734b
In base 5, what is -1012 + -1241300411?
-1241301423
In base 7, what is 34615253 - -10?
34615263
In base 3, what is 220122222 + 2120?
220202112
In base 4, what is 322101032300 - 1000?
322101031300
In base 3, what is 112002121210111 - 221?
112002121202120
In base 2, what is -10 - 100001001100010111010?
-100001001100010111100
In base 6, what is -510315 - -14005?
-452310
In base 11, what is -a0 - -9730aa?
97300a
In base 14, what is -60 + -29d1?
-2a51
In base 8, what is 1305075426 + 4?
1305075432
In base 12, what is -19a3ba2 - -30?
-19a3b72
In base 13, what is -1169 - -483b?
36a2
In base 6, what is -1121134 + 2520?
-1114214
In base 13, what is 4 + 2408098?
240809c
In base 10, what is -52206 + 1635?
-50571
In base 4, what is 20031003231 + 2?
20031003233
In base 5, what is -221242 + 11001?
-210241
In base 8, what is 303506 - 3310?
300176
In base 8, what is 52 + -573316?
-573244
In base 7, what is 23131605 + 4?
23131612
In base 7, what is -116 - 1162660?
-1163106
In base 3, what is -2102120110 - 112?
-2102120222
In base 5, what is -3 - -32041041?
32041033
In base 4, what is -130 - 1310313022?
-1310313212
In base 11, what is -4 - 253165a9?
-25316602
In base 9, what is -18 + -126631?
-126650
In base 11, what is 11 - 926330?
-92631a
In base 6, what is -523532 + -130?
-524102
In base 12, what is -63a66a - 1?
-63a66b
In base 13, what is -4 - 1634229?
-1634230
In base 14, what is -96d0 + 603?
-90cb
In base 14, what is -77 - 1c30b5?
-1c314c
In base 15, what is -2b - -7c35c?
7c331
In base 4, what is 2030333100 + 1031?
2031000131
In base 6, what is 4 - 11424420421?
-11424420413
In base 9, what is -3 + 15765012?
15765008
In base 6, what is 3331335 + 3024?
3334403
In base 15, what is -7 - dd3db?
-dd3e3
In base 3, what is -1120210010102222 + -1?
-1120210010110000
In base 7, what is 3652 - -12123?
16105
In base 16, what is -24 - -1b5877?
1b5853
In base 16, what is -3 - 29f503?
-29f506
In base 8, what is 211321 + 271?
211612
In base 5, what is -222 + -2103333?
-2104110
In base 5, what is 324142 + 211300?
1040442
In base 6, what is -350251304 + 0?
-350251304
In base 9, what is -8386447 - 3?
-8386451
In base 9, what is 20471 + 124622?
145203
In base 13, what is -1496 + -b33?
-22c9
In base 14, what is 306306 - -a1?
3063a7
In base 14, what is 312a414 + -4?
312a410
In base 15, what is 7933b04 - -3?
7933b07
In base 2, what is -100110110101011 + 110111100001?
-11111111001010
In base 5, what is 4313 - -344021?
403334
In base 12, what is 1215 + -b55?
280
In base 6, what is -113345 - 232343?
-350132
In base 8, what is -3307312 + 150?
-3307142
In base 4, what is 11023232131001 - -10?
11023232131011
In base 8, what is -50 + -774416?
-774466
In base 11, what is -100a - 839?
-1848
In base 3, what is 21210 + -22212102121?
-22212010211
In base 12, what is -2ba - 79618?
-79916
In base 6, what is 11034124420 + 3?
11034124423
In base 12, what is 0 - -1b23146?
1b23146
In base 5, what is -4 + -3324324223?
-3324324232
In base 7, what is -11 - 432151235?
-432151246
In base 7, what is -114555 + -1524?
-116412
In base 5, what is -2244 - -43120134?
43112340
In base 15, what is 13 + -13a5c6?
-13a5b3
In base 12, what is -23802417 + -1?
-23802418
In base 12, what is -6a9 + -10a086?
-10a773
In base 11, what is -6a4949 + 30?
-6a4919
In base 8, what is 217135001 - -2?
217135003
In base 14, what is 76ad31 - 0?
76ad31
In base 3, what is 12021202121201 + -10?
12021202121121
In base 10, what is 24 + -3739179?
-3739155
In base 14, what is 15 - -13632b?
136342
In base 5, what is 1312 - -113132143?
113134010
In base 15, what is -98d68 - 743?
-995ab
In base 8, what is 1276234 - -3345?
1301601
In base 4, what is 111033 + -2222030?
-2110331
In base 16, what is 16 - 218f47?
-218f31
In base 5, what is -22340 + -3302?
-31142
In base 3, what is -1122 - 10021020002?
-10021021201
In base 4, what is 12010131011 + 3?
12010131020
In base 15, what is -7 - -8260a8?
8260a1
In base 11, what is 89444a + 9?
894458
In base 5, what is 2433312 + 224?
2434041
In base 7, what is -600 - 30153?
-31053
In base 12, what is 324154 - -96a?
324b02
In base 14, what is -1d6 + 84180?
83d88
In base 4, what is -11 + -3103302200?
-3103302211
In base 9, what is 185650 - -1831?
187581
In base 9, what is -2 - 13255386?
-13255388
In base 6, what is 214111 + 425?
214540
In base 8, what is -1 - 12133756?
-12133757
In base 4, what is -10201032321 + -121?
-10201033102
In base 13, what is -523 - -51?
-4a2
In base 7, what is 21150015522 + 0?
21150015522
In base 6, what is -112405105 - -5?
-112405100
In base 13, what is 1227 - -2640?
3867
In base 4, what is -1213231 + 31010?
-1122221
In base 10, what is -279 - 304786?
-305065
In base 14, what is -2212 + 3039?
c27
In base 3, what is -21121111 + -21120201011?
-21212022122
In base 15, what is 6 + 1735b3?
1735b9
In base 8, what is 101266314 - -3?
101266317
In base 4, what is -10223 - 11003112?
-11020001
In base 4, what is 2 - -32022323333202?
32022323333210
In base 12, what is -6621 + b49b?
4a7a
In base 10, what is -25692776 + 7?
-25692769
In base 5, what is -211 - 13202334131?
-13202334342
In base 13, what is -11091949 + 5?
-11091944
In base 13, what is -3307c + 536?
-32846
In base 10, what is -21147769 + 8?
-21147761
In base 5, what is -2022133 - 1113?
-2023301
In base 8, what is 14 + -2775707?
-2775673
In base 13, what is 3282c + 27a?
32aa9
In base 15, what is 2 - -3435ad3?
3435ad5
In base 3, what is 0 - -1201121100202001?
1201121100202001
In base 8, what is 4502 - -16154?
22656
In base 7, what is 11 + -504212?
-504201
In base 9, what is -1410 + 3834?
2424
In base 3, what is 22 + 102122012010000?
102122012010022
In base 5, what is -1212 + -3221403?
-3223120
In base 15, what is 86 + -83212c?
-832096
In base 16, what is -4 - 4d28b59?
-4d28b5d
In base 13, what is -621bb9 - -5b?
-621b5b
In base 9, what is 807623 - -346?
808070
In base 6, what is 2552210003 - 24?
2552205535
In base 14, what is -184c5c2 - 15?
-184c5d7
In base 15, what is -b - bd7517?
-bd7523
In base 11, what is 10 + -123331?
-123321
In base 7, what is -24012211 + -5?
-24012216
In base 5, what is 10230 + -21300004?
-21234224
In base 4, what is 32003 - 121211?
-23202
In base 9, what is 6 + -47723152?
-47723145
In base 3, what is -1 + 11121220201221?
11121220201220
In base 2, what is 11011101111101110111 + 100?
11011101111101111011
In base 13, what is 0 - -8c1591?
8c1591
In base 7, what is 466565 - -53?
466651
In base 10, what is 22 + -345653?
-345631
In base 5, what is 1430 + 1101314123?
1101321103
In base 13, what is 149a28 + 0?
149a28
In base 15, what is -92 + -1681d?
-168b0
In base 9, what is 4 + 506833062?
506833066
In base 15, what is e5646 + -e8?
e554d
In base 14, what is -19d + 897aa?
8960b
In base 8, what is 4 + 41716664?
41716670
In base 16, what is 9 - -18868a?
188693
In base 5, what is -1433 + -1304033?
-1311021
In base 9, what is -2435643 + 32?
-2435611
In base 3, what is 222020002020210 + -2?
222020002020201
In base 14, what is 0 - 6a4944?
-6a4944
In base 14, what is 6 + 16c3c7?
16c3cd
In base 9, what is 52 + 13732631?
13732683
In base 8, what is -7420 - -45?
-7353
In base 9, what is -22835 - 87374?
-121320
In base 16, what is -c - 2698e?
-2699a
In base 3, what is 221002 - 20001121?
-12010112
In base 5, what is 201 - -303302102?
303302303
In base 14, what is -14a - 17ad8?
-17c44
In base 3, what is 11 - 1210011022020000?
-1210011022012212
In base 15, what is 4876 + -5d2a?
-14a4
In base 4, what is -130002 - -10030132?
3300130
In base 12, what is 1510384 + -2?
1510382
In base 5, what is 4 + 421124400?
421124404
In base 3, what is 102000210212 - 200022?
102000010120
In base 9, what is -1 + -3656743?
-3656744
In base 15, what is -80 - -39356?
392c6
In base 3, what is 